+ x. Calculate the highest common divisor of 10 and r.
10
Suppose -4*l - 2*c + 116 = 0, -l + 4*c = l - 68. Calculate the highest common divisor of 45 and l.
15
Let h = 1 - -1. Let n be (h + -1)/((-1)/(-5)). What is the highest common divisor of 5 and n?
5
Let o(b) be the second derivative of 3*b**5/4 + b**2/2 - 4*b. Let w be o(1). What is the greatest common divisor of 8 and w?
8
Suppose 0 = 3*f + m + 4*m - 61, 0 = 4*f + 3*m - 96. What is the greatest common divisor of 6 and f?
3
Let k(t) = -2*t**3 - 8*t**2 - 7*t - 5. Let q be k(-5). Calculate the highest common factor of 8 and q.
8
Let z = -3 - -23. Let v be (-1)/((-141)/(-72) + -2). Suppose 2*b = 5*g - 12, -3*g - b + v = 2*b. What is the highest common factor of g and z?
4
Let k = -3 + 5. Suppose -d + 15 = -3*q + 2*d, k*q + d = -10. Let y be 1/q - 332/(-10). What is the highest common factor of y and 11?
11
Let w = -10 + 33. Suppose 3*c - 854 = -233. Calculate the highest common factor of w and c.
23
Let j be 12/(-8)*(-12)/2. What is the highest common factor of 63 and j?
9
Let z(p) = -p**3 + 2*p**2 - p + 60. Let m be z(0). What is the greatest common factor of 40 and m?
20
Let a(m) be the first derivative of -m**3/3 + 15*m**2/2 - 2*m - 8. Let b be a(10). What is the highest common divisor of 16 and b?
16
Let w(p) = p**2 - 2*p. Let q be w(-3). What is the greatest common divisor of q and 105?
15
Let x(c) = c + 3. Suppose -6*q + q = 0. Let g be x(q). Suppose 4*k - t = 59, -k - 2*k - g*t = -33. Calculate the highest common divisor of k and 112.
14
Suppose -1 = 3*l - 10. Calculate the greatest common factor of 27 and l.
3
Suppose -121 = -3*g + 3*s - 8*s, 0 = 2*g + 3*s - 80. What is the greatest common divisor of g and 185?
37
Let w = 193 + 2. What is the greatest common factor of 15 and w?
15
Let c be (20/(2/1))/1. Suppose 0 = 2*u + 4 + 36. Let a = u - -30. What is the greatest common factor of a and c?
10
Let s = -7 - -9. Suppose -4*j + 3*g = -25, s*j + g + 2*g + 1 = 0. Let o be 1*-90*j/(-10). What is the highest common divisor of 90 and o?
18
Let c = -6 - -63. Suppose 4*u - c = u. Calculate the highest common factor of u and 19.
19
Let s be ((-3)/2 + 0)/(1/(-126)). Let g(y) = -y**3 + 6*y**2 + 6*y - 9. Let w be g(6). Calculate the highest common divisor of w and s.
27
Let a be 24/14 - (-4)/14. Calculate the greatest common divisor of 18 and a.
2
Let a be (110/(-88))/((-2)/16). Let q(o) = 9*o**2 + 3*o. Let h be q(3). What is the greatest common factor of a and h?
10
Let p(s) = s + 15. Suppose -3*c - 9 = -2*c. Let w be p(c). What is the greatest common divisor of w and 4?
2
Suppose -v = -5*z + 4*v + 240, -5*v + 280 = 5*z. Let i = z - 34. What is the greatest common factor of i and 9?
9
Suppose -2*f = 3*f + 20. Let a(z) = 1 + z**2 + z**2 - 3. Let m be a(f). What is the highest common factor of m and 75?
15
Let f = 195 - 115. Let x be (-581)/(-4) - (-2)/(-8). Let u = x - f. What is the greatest common factor of 26 and u?
13
Let z be ((-16)/6)/(8/(-252)). Calculate the highest common factor of z and 7.
7
Suppose 4*u + 172 = 972. What is the greatest common factor of u and 20?
20
Let p(l) = 2*l + 2. Suppose -5*b = -15, -j + b + 0 = -2. Let r be p(j). Suppose -3*k + r = -k. Calculate the highest common factor of k and 6.
6
Let s be (-2)/6 + (-74)/(-6). Let a = 230 - 170. Calculate the highest common factor of a and s.
12
Let i(w) = -w + 2 - 2 + 4*w + 3. Let v be i(3). Suppose -a = -0*a - 30. Calculate the greatest common divisor of a and v.
6
Suppose 5*h = h + 2*t + 270, -5*h + 325 = -5*t. Let m be 4/(-6) + (-12)/(-54)*48. What is the highest common divisor of h and m?
10
Let h be ((-2)/(-4))/(4/32). Let j(f) = 0 + 4*f + 0*f - h. Let d be j(4). Calculate the greatest common divisor of 96 and d.
12
Suppose 4*y + 12 = 16. Let l be y/(-5) + (-846)/(-30). Calculate the greatest common divisor of l and 7.
7
Let d(u) = u**3 + 3*u**2 - 2*u + 2. Let q = 0 + -3. Let p be d(q). Calculate the highest common factor of p and 4.
4
Let x(n) = n + 15. Let j be x(14). What is the highest common divisor of 29 and j?
29
Suppose a - 4 = -0. Suppose 0*p = -a*p + 4. What is the highest common factor of p and 4?
1
Let v be (-2)/(-4)*6*-385. Let y be ((-6)/(-5))/((-7)/v). Calculate the highest common factor of y and 18.
18
Let f be 2270/40 + (-1)/(1*-4). What is the highest common divisor of 3 and f?
3
Let z(j) = -j - 5. Let p be z(-7). Calculate the highest common factor of p and 16.
2
Let v be 73 + (-4 - -1 - -2). Suppose 0 = -2*m + m + 9. Let r be (-6)/(-5)*60/m. Calculate the greatest common factor of v and r.
8
Let p(j) = j**2 + 8*j + 2. Let d be p(-8). Suppose 2*y + a = 237, 6*y - d*a = 2*y + 494. Calculate the highest common factor of y and 11.
11
Let s = -10 + 16. Let m be (21/s)/7*6. Let n be (m/6)/(1/18). Calculate the greatest common divisor of n and 54.
9
Let s = 2 - -7. Let c = -66 - -147. What is the highest common factor of c and s?
9
Let z be 0/(-1) + (3 - 0). Suppose z*b = -b + 24. What is the highest common divisor of b and 2?
2
Let s(g) = -g**2 + 10*g - 10. Let q be s(9). Let d(y) = -17*y + 1. Let n be d(q). Calculate the greatest common factor of n and 18.
18
Let t = -2 + 8. Suppose 3*j - 36 = -5*y, j - 19 = -5*y + 13. Suppose y = -2*n + 5*n. Calculate the greatest common factor of n and t.
2
Suppose -t = -0 - 24. What is the highest common factor of t and 36?
12
Let g be ((10/8)/1)/(3/36). Calculate the highest common divisor of g and 135.
15
Let x(a) = -a - 10. Let c be x(-11). Calculate the greatest common divisor of c and 1.
1
Suppose -3 - 3 = 3*w. Let x = -2 + w. Let t be 5/x*(-16)/4. What is the highest common divisor of 1 and t?
1
Let u = 8 - 3. Suppose -3*v + 4 + u = 0. Let g = 14 + -12. What is the greatest common divisor of v and g?
1
Let k = 7 + -7. Suppose y = 4*m + 204, k*m = -y + 2*m + 212. Calculate the highest common divisor of y and 20.
20
Suppose -g + 19 - 3 = 0. Let d(h) = 4*h**2 - 6*h - 4. Let q be d(-6). Calculate the highest common factor of g and q.
16
Suppose 114 = 3*x - 0*x. Let t = 5 - -6. Suppose 8 = h - t. Calculate the highest common factor of x and h.
19
Suppose -4*q = -d + 3*d - 566, -2*q + 4*d = -298. Let v = 10 + -7. Let j be ((-1)/(-2))/(v/78). Calculate the greatest common factor of q and j.
13
Let m(u) = u**2 + u + 4. Let z(y) = -y + 4. Let g be z(8). Let l be m(g). Let v be 1341/12 + 1/4. What is the greatest common factor of v and l?
16
Let i(m) = -m**2 + 15*m - 33. Let h be i(12). Calculate the highest common factor of 1 and h.
1
Let w be 1/((-4)/(-1*12)). Suppose -5*t - 3*a + 101 = 0, w*t + 4*a - 27 = 2*t. What is the greatest common factor of t and 19?
19
Let t = 18 - 0. What is the greatest common divisor of t and 9?
9
Suppose 0*q - 120 = -4*n + 4*q, -2*n + 45 = q. Calculate the highest common divisor of 275 and n.
25
Let c(d) = -d**3 + 2*d**2 + 3*d - 3. Let j be c(2). Let k be (j - 2) + 159 + 2. What is the highest common divisor of k and 18?
18
Let x(q) be the third derivative of 2*q**5/15 - q**4/8 - q**2. Let h be x(-3). Let g be (-83)/(-9) + (-8)/36. What is the greatest common factor of h and g?
9
Let w(z) = -z + 12. Let h be w(4). Calculate the highest common divisor of 16 and h.
8
Let t = -3 + 4. Let c = -21 - -22. What is the greatest common factor of t and c?
1
Suppose 71 = 4*h + 7. Let r(l) = -l**3 + 16*l**2 + 2*l - 6. Let b be r(h). What is the greatest common factor of b and 104?
26
Suppose k - 6*k + 475 = 0. Calculate the highest common factor of k and 19.
19
Let j(o) = 10*o**2 - 3*o + 3. Let a be j(3). Calculate the highest common factor of 12 and a.
12
Let a(r) = -r + 72. Let h be a(0). Let q be 0 + -33*(-2)/2. Suppose -q = -4*w - 1. Calculate the greatest common divisor of w and h.
8
Let d be (70/21)/((-1)/3). Let x = d + 18. Calculate the greatest common factor of x and 2.
2
Suppose -2*m = 3*z - 6, 2 = z - 2*m - 2*m. Let a(f) = 3*f - 3. Let w be a(z). Let x = -38 - -71. Calculate the highest common divisor of w and x.
3
Let r = 442 - 25. Suppose r = 4*o + 57. Let j(p) = p**2 + p + 10. Let v be j(0). What is the greatest common factor of v and o?
10
Let y(a) = a + 6. Let k be y(-6). Suppose -4*j + 51 + 29 = k. Suppose 0*l = -2*l + j. Calculate the greatest common divisor of 20 and l.
10
Let t be ((-12)/8)/(2/(-4)). Suppose 1 = -h - t. Let p b